2 + -18 + 10 + -9.
-5
Evaluate (-5 - (-3 + 1 - -1)) + 15.
11
Calculate (5 - 0 - 3) + -3.
-1
Calculate (5 - ((0 - 6) + 6)) + 2.
7
What is -3 - (-5 - -1) - 2?
-1
What is the value of (-36 - -34) + 3 + -1 + -4?
-4
Calculate -5 - (-4 + 4) - -1.
-4
Calculate 4 - 3 - (1 + -1).
1
What is 0 - 6 - -8 - (-4 + 5)?
1
Calculate -1 + (-6 - (4 - 13)).
2
What is the value of (-13 - -6) + 8 + 10?
11
Calculate -1 + -3 - (-19 + 18).
-3
-7 + (-5 + -3 - -9)
-6
What is the value of (-8 - (-17 + 3)) + -4?
2
3 - -3 - 0 - 0
6
What is (6 + -1 + -5 - -3) + -6?
-3
What is the value of ((-4 - 2) + 9 - 2) + 6?
7
-4 + (0 - 0) + -1
-5
Evaluate (-6 - (-11 - 4)) + -4.
5
Evaluate 4 - ((5 - (0 - -2)) + 3).
-2
Calculate (-3 - (1 - 0)) + -8 + 11.
-1
Evaluate 3 + -1 - 7 - -12.
7
What is the value of -5 + (8 - (-5 - -3)) + -7?
-2
What is -1 + (1 - -3) + -8?
-5
What is -2 - (1 - (0 - 4))?
-7
(-7 + 4 - (-1 - -1)) + 4
1
Calculate 4 - (-7 + 4 - -13).
-6
Evaluate (1 - (1 - 3)) + -5.
-2
What is the value of -12 - (-29 + 12) - -2?
7
Evaluate (-14 - 1) + -102 + 109.
-8
What is the value of (1 - (10 + -9)) + 0 + 5?
5
Evaluate -4 + (5 - 2) - 0 - -4.
3
Evaluate -6 - (-9 + 4 + -2).
1
What is (18 - 7) + 5 + -9?
7
Calculate -1 + 6 + -10 + 6.
1
What is 4 + -9 + 4 + (2 - 2)?
-1
Calculate -6 - ((0 - (5 + 1)) + 3).
-3
What is (-8 - (-6 - 15)) + -7?
6
Calculate 1 + -4 + 0 + 5.
2
What is (2 - -7) + (-20 - -13)?
2
Calculate 33 + -39 - (1 - 10).
3
What is the value of -2 - 3 - -1 - -8?
4
6 + 1 + -8 + 6 + -10
-5
What is the value of -12 + (-1 - 3) + 11?
-5
What is the value of 1 - (-8 + (2 + -2 - -7))?
2
What is 1 - -3 - (-9 + (-5 - -10))?
8
Evaluate (-1 - (-1 - (-4 - 1))) + 9.
4
What is the value of (-8 + -3 - -16) + -5?
0
Evaluate -18 + (11 - (-3 + 3)).
-7
What is the value of (0 - 3) + 2 - 4?
-5
Evaluate -5 - ((6 - -1) + -1 - 11).
0
What is the value of (-8 - (-1 + -1 + -2)) + 1?
-3
What is the value of -53 + 49 - (1 - 6)?
1
What is (-1 - -6) + (3 - (8 - 1))?
1
What is (-9 - -16) + -8 - 2?
-3
Calculate (1 - (5 + -8)) + -1 + -2.
1
2 + 1 - (1 - -1)
1
Calculate 5 + -5 + -6 - -5.
-1
Evaluate 2 - (-4 - (-11 + 4)).
-1
Calculate -14 + 16 + (-3 - (-1 + -1)).
1
What is 2 + (-1 - -7 - 9)?
-1
Evaluate -1 + ((-2 - -4) + -5 - -9).
5
What is the value of 3 + 8 + -6 + (-1 - 0)?
4
Evaluate 2 - (0 - (3 + (0 - 0))).
5
0 - -4 - 9 - (-3 - -2)
-4
Evaluate -7 + (3 - -1 - (-18 - -19)).
-4
Calculate -7 + (-4 + 5 - -7).
1
Calculate -1 + -1 - (3 - (4 - 0)).
-1
6 - ((-4 - -1) + (-1 - -3))
7
Calculate -8 + -8 + (-3 + 3 - -6).
-10
-1 + (7 + -3 - -1)
4
What is -2 - -7 - 1 - -1?
5
Evaluate 2 - -5 - 5 - (0 + 8).
-6
2 - (1 + -1 + 4 - 0)
-2
What is (2 - 2) + (2 + 0 - 0)?
2
What is the value of 3 + 1 + -1 - 5?
-2
What is -5 - (2 - 6 - 6)?
5
What is the value of 1 + -6 - -3 - 0?
-2
-2 - (1 - (-5 + 0))
-8
0 + 6 - (15 + -7 - 10)
8
What is (-16 - (6 + -6 + -6)) + 3?
-7
Calculate 2 - (2 + -2 + 0 + 6).
-4
What is 3 + -9 - (7 + -3 - 8)?
-2
Calculate -3 + (-5 - -2 - (-4 + -4)).
2
What is -1 + 0 - (-11 + 11 + 0)?
-1
What is (-4 - -4) + (-2 - (2 - 2))?
-2
What is the value of 3 + 0 + -4 + (-4 - 4)?
-9
6 + -11 - (0 + 0)
-5
Evaluate (-22 - -5) + 5 - (-10 - -4).
-6
Calculate 4 + -15 + (0 - -7).
-4
12 - 13 - (0 + 0 + -6)
5
Calculate (-3 + 3 - 0 - -3) + -1.
2
Calculate -2 - (-3 + 4 + -2).
-1
2 + (-3 - -4) + -5
-2
-3 + 2 + -3 - -3
-1
Calculate (-3 - 2 - -1) + 0.
-4
Calculate -1 - -5 - 2 - 0.
2
Calculate -3 + 12 + (-15 - -9).
3
Calculate 9 + -1 + -3 + -4.
1
Evaluate 1 + -8 - (147 + -152).
-2
(-5 - -8) + (-4 - -9)
8
-52 + 56 + -4 + -1
-1
-4 + (4 + 1 - 8) + 7
0
Evaluate 5 - (-8 - -9 - -4).
0
Evaluate -2 + 4 + (-2 - 1).
-1
What is the value of (127 - 132) + (1 - 1)?
-5
Calculate 3 + 0 + (-4 - -2).
1
-6 - (-3 + (-5 - -4))
-2
What is the value of 2 - ((-1 - (-4 + 3)) + 5)?
-3
(-13 + 15 - (-2 + 11)) + 3
-4
Evaluate -1 - (5 - -2 - 5 - 0).
-3
Evaluate (10 - 1) + -5 - (0 - 1).
5
Calculate (0 - -17) + -11 + -8.
-2
What is the value of 4 + -6 + 4 - 2?
0
2 + -8 - (0 + -1)
-5
What is (1 - 4 - -3) + 5 + -2?
3
What is 5 + -3 - (0 - 1)?
3
What is -9 - (4 - 6) - -4?
-3
Calculate (-6 + -2 + 7 - 1) + 3.
1
(-6 - 1) + 22 + -17
-2
-1 + (0 - 3) - (41 - 43)
-2
What is 2 + (5 - 6) + (-1 - 1)?
-1
Evaluate (1 - 0) + -2 + 0.
-1
Calculate -10 + 0 + -8 + 8.
-10
(6 + -4 - (-3 + 7)) + 4
2
What is 3 + 1 - (6 + 0)?
-2
What is 16 - 29 - (-5 + -1)?
-7
What is -14 - (2 + 7 - 20)?
-3
What is (0 - (7 - -5 - 7)) + 6?
1
Calculate 3 - (4 + -3 + -1 - -5).
-2
What is the value of -1 - (-1 + (2 - 1)) - 1?
-2
Evaluate (5 + -4 - 6) + 10.
5
What is the value of 6 - ((1 - -7) + -7)?
5
2 + -6 + 4 - -2
2
Evaluate 5 - (-6 - (-11 + -1)).
-1
Evaluate -9 + (16 - (-3 - -4)).
6
What is -3 + (-4 - (0 + -1)) - -4?
-2
What is the value of -1 + -2 - (49 + -57)?
5
What is the value of (-4 - 2) + (0 + 4 - 3)?
-5
What is 0 - (3 + -4 + 4 + -7)?
4
Evaluate 10 - 19 - -3 - 1.
-7
Evaluate -3 + (-7 - (4 - 18)) + -6.
-2
Calculate -8 + (2 - -2) - (-18 + 22).
-8
Calculate 1 + 1 + (-7 - -9 - 6).
-2
Calculate -1 + (3 - (5 + -1 + -6)).
4
What is the value of -7 + (-5 - (-8 + -4 - 1))?
1
Evaluate (-4 - -4 - (14 + -9)) + 13.
8
Calculate -4 + (5 - (0 - -2)).
-1
Calculate -1 + 4 + 0 - 3.
0
What is the value of 7 + -10 - 7 - -9?
-1
-16 - -4 - (-5 - -1)
-8
What is 1 + (3 - (2 - -1))?
1
5 + (1 - -3) + -10
-1
Calculate -4 - (1 + (-11 - 2)).
8
What is 3 - (2 + 6 - 1)?
-4
What is the value of -7 + 0 - 1 - -14?
6
-17 + 18 + (-1 - 4)
-4
What is -11 + 10 + -4 + 7?
2
Evaluate 5 - 1 - (-2 - 0 - -2).
4
Evaluate (-1 - (4 - 7)) + -3 + 6.
5
3 - (5 - 10 - -3)
5
Calculate 2 + (-1 - -3) - 4.
0
What is 1 + 5 + -75 + 72?
3
What is the value of (10 - 5) + -2 - -1?
4
Evaluate (14 - 25) + 4 - -13.
6
What is -1 - (4 - (2 + 4)) - 6?
-5
Evaluate 2 - (-1 - 0 - 4).
7
4 - 0 - (4 + -4 - -6)
-2
What is the value of 6 - 4 - 7 - (-2 + 0)?
-3
What is -8 + 14 + -15 - (-1 + -1)?
-7
Evaluate 0 + -7 - 1 - -9.
1
Calculate 1 + -5 + 3 + 4.
3
Calculate 14 - 13 - (-3 - (-2 + 1)).
3
Calculate (7 - (-5 - -11)) + -6.
-5
What is the value of 5 - -1 - (4 + (6 - 6))?
2
Evaluate -6 + (-6 - -1 - -2).
-9
What is 5 + (0 - 9) - 1?
-5
Evaluate (0 - 3) + (-10 - -5) + 0.
-8
Calculate -5 + -1 + -1 + -2 - 0.
-9
Evaluate 1 - -2 - (5 + 0 + 0).
-2
Calculate -8 + 5 - -8 - 2.
3
Evaluate 2 - (4 - (7 + 0)).
5
(51 - 46) + -1 + 0
4
4 - (-5 - -7 - -2)
0
What is the value of (9 - 4) + 8 + -13?
0
Calculate 14 + (2 - -8) + -21.
3
What is 1 + (-2 - 3) - (4 - 7)?
-1
Calculate (1 - 5) + (10 - 12) - 1.
-7
Evaluate (-15 - -7 - -6) + -6 - -5.
-3
What is the value of 10 + (2 - (-5 - -10)) + -1?
6
Calculate (16 + -10 - -4) + -17.
-7
Evaluate 5 - ((8 - 16) + 15).
-2
3 - (10 - 6) - -1
0
(3 - (-11 - -3)) + -15
-4
Evaluate 1 + 2 + 0 - (-20 - -18).
5
0 + (-9 - 0) - -9
0
What is the value of -8 + (-3 - -4) + 8?
1
What is 2 + -3 - -9 - 4?
4
Calculate -12 + -7 + (8 - (-5 + -2)).
-4
Evaluate 11 - (21 + -4) - 1.
-7
0 - -7 - 7 - -2
2
Calculate -6 + (-6 - -1) + 6.
-5
What is (4 - 0) + (8 - (3 + 5))?
4
What is the value of 7 - (9 + 2) - -4?
0
(0 - 0) + (9 + -6 - 6)
-3
What is 3 + -4 + (-7 - -2) - -1?
-5
Calculate (2 - -7) + 5 + -7.
7
(-1 - 2) + (1 - (-6 + 4))
0
What is 22 + -15 + 0 + 2 + -1?
8
(4 - (-1 - (-10 - -3))) + 3
1
Evaluate (-1 - 2) + 8 + 5 + -9.
1
What is the value of 9 + (2 - 7) - (6 + -2)?
0
-4 + 8 + (-2 - 2)
0
What is 5 + -1 + (5 - 9)?
0
What is the value of -2 - (1 - (2 + -5) - 5)?
-1
What is (-8 + 1 - -4 - -2) + 2?
1
4 - (2 - -2 - 1)
1
Evaluate 0 + (-2 - -10 - 9).
-1
Evaluate (1 - 8) + 27 + -22.
-2
Calculate (5 - 8) + (2 - -1).
0
What is 0 - ((5 - 7 - -4) + -3)?
1
What is the value of 32 + -52 - (-1 - 9)?
-10
Evaluate (2 - 1) + 9 + -10.
0
What is 0 + 2 + -2 + 2 - 4?
-2
-3 + 9 - (-3 - -12) - -7
4
Evaluate 2 + (-8 - -1) - -8.
3
-2 + -1 - (-2 - 6)
5
(3 - (4 - 2)) + 1 - 3
-1
What is the value of 12 - 11 - ((2 - -2) + -2)?
-1
Calculate -2 + -2 + -2 + 2 - 0.
-4
Evaluate -10 + (-6 - -11) - -12.
7
What is the value of -9 + 4 - (11 - 21)?
5
Evaluate -5 + (-4 - -9) + 2.
2
Evaluate 10 - (27 - 9 - 3).
-5
Evaluate -6 - ((-8 - -2) + 2).
-2
Calculate -2 - -1 - (-14 - -17).
-4
16 - (3 + (-14 - -23))
4
Evaluate (12 - 18) + 5 - (0 - -1).
-2
Evaluate (-1 + -2 - -2) + 2.
1
Calculate -13 + 6 - 0 - -6.
-1
What is the value of (-7 - (3 - 15)) + -1?
4
What is the value of 12 - 2 - 12 - 0?
-2
Evaluate 4 + (-1 - 2) + 2 + -2.
1
Ev